s the remainder when (94*(-5)/40)/((-1)/4) is divided by p?
15
What is the remainder when (1 - -11 - 9) + 80 is divided by 42?
41
What is the remainder when 61 is divided by ((-35)/(-2))/((-14)/(-28))?
26
Suppose 0 = -4*t + 5*t - 4*y - 39, -4*t - y + 156 = 0. Let i = -288 + 296. Calculate the remainder when t is divided by i.
7
Let i(u) = -129*u + 1. Let l be i(-1). Let a = l + -91. What is the remainder when a is divided by 15?
9
Let j be (-34)/20*-28 + (-8)/(-20). Suppose 7 = -w + 3*r + 19, r - j = -4*w. What is the remainder when 45 is divided by w?
9
Let a = -13 + 3. Let m = a + 12. Suppose m*u - h = 36, -2*u - h - 4*h + 48 = 0. What is the remainder when 74 is divided by u?
17
Suppose -m + 15 + 4 = 0. Let j(r) = -r**2 - 8*r - 7. Let b be 4/(((-30)/(-9))/(-5)). What is the remainder when m is divided by j(b)?
4
Calculate the remainder when (-39)/((-3 - -6)/(-6)) is divided by 8.
6
Suppose -33*t - 15*t = -4512. What is the remainder when 184 is divided by t?
90
Let l(x) = 10*x**2 + 7*x + 4. Let f be -1*(0 + -1) - (5 + -2). Calculate the remainder when 148 is divided by l(f).
28
Let a(g) = -2*g**2 - 24*g - 34. Let y(d) = 3*d**2 + 47*d + 68. Let c(v) = 5*a(v) + 3*y(v). What is the remainder when c(19) is divided by 15?
12
Suppose -k + d + 41 = 0, 0 = -5*k - 4*d - 143 + 393. Let b(m) = -m**3 - 5*m**2 + 4*m + 6. Calculate the remainder when k is divided by b(-6).
10
Suppose -4*d + 26 = -3*i - 9*d, 0 = 2*i + 4*d + 16. Let r be ((-3)/(-5))/(3/15). What is the remainder when r*(0 + (-256)/i) is divided by 22?
20
Calculate the remainder when 4*5/20 + 42 is divided by 22.
21
Let p(f) = f + 2. Let r be p(4). Suppose -r - 7 = -x. What is the remainder when 38 is divided by x?
12
Let a be 0/(-3) + (-8)/(-2). Suppose -14*b + 27 + 29 = 0. Suppose 5*x - 154 = -b*w, -a*x + 2*w - 4*w = -122. Calculate the remainder when x is divided by 8.
6
Suppose q = -3*q + 960. What is the remainder when q is divided by 11?
9
What is the remainder when 82 is divided by (124 + -14)*(16/(-10) + 2)?
38
Let t be 3 - (-1 + 2) - (2 + 10). Let f(d) = -d**3 - 10*d**2 - 3*d - 21. Calculate the remainder when 33 is divided by f(t).
6
Let h = 2 + -7. Let u = 25 + h. Calculate the remainder when u is divided by 9.
2
Let m(p) = 12*p - 1. Let b be m(5). Suppose -b = -2*x + 159. Let h = x - 46. What is the remainder when h is divided by 16?
15
Let h = -600 - -628. Calculate the remainder when h is divided by 15.
13
Let v = -124 + 299. Suppose 5*l - v = -10. Calculate the remainder when l is divided by -1*(6/3 + -7) - -7.
9
Let k(p) = 23*p - 38. Let v(i) = -44*i + 77. Let z(u) = 9*k(u) + 4*v(u). Calculate the remainder when z(9) is divided by 31.
28
Let l(y) = -21*y**2 - y + 1. Let i be l(-2). Let t be i/(-4)*(-32)/(-12). Calculate the remainder when 29 is divided by (-25)/2*t/(-45).
14
Let z be 2/(-9) - (-7384)/18. Let v = -175 + z. Calculate the remainder when v is divided by 34.
31
Calculate the remainder when 109 is divided by (-5 + 0)/(590/(-2596)).
21
Let c(n) = n**2 - 6*n - 7. Suppose 3*m = -m - 20, 0 = -4*s + 4*m + 48. Let o be c(s). Let b = 15 + o. Calculate the remainder when 28 is divided by b.
13
Let u(s) = -21*s**2. Let h be u(-1). Suppose o = b + 9, -4*o - 5*b + 5 = -67. Calculate the remainder when o is divided by ((-2)/(-3))/((-2)/h).
6
Let i = 1199 + -720. Calculate the remainder when i is divided by 98.
87
Let k be (-16)/28 - (-18)/7. Suppose k*z + 75 = 7*z. Calculate the remainder when 74 is divided by z.
14
Let l = 17 + -14. Suppose f + 60 = j, 2*f = 4*j + 5*f - 261. What is the remainder when j is divided by ((-13)/l)/((-3)/9)?
11
Let p = -5 - -6. Let b(w) = -3*w - 5. Let l(a) = -2*a + 3. Let c be l(3). What is the remainder when b(c) is divided by p?
0
Suppose -3*t - j + 159 = -2*j, -5*j - 106 = -2*t. Calculate the remainder when 207 is divided by t.
48
Let z = -445 + 534. What is the remainder when 179 is divided by z?
1
Let d(l) = 3*l**2 - 24*l + 105. Calculate the remainder when d(6) is divided by 24.
21
Suppose 4*u + 36 - 136 = 0. Suppose -13*b + 34 = -57. Calculate the remainder when u is divided by b.
4
Let b be (2/(-5))/(3/165). Let l = -57 - b. Let z = l - -57. Calculate the remainder when z is divided by 13.
9
Let n(j) = 11*j**3 - 3*j**2 + 3*j. Let h = -612 + 629. Calculate the remainder when n(2) is divided by h.
14
Suppose 182 = 4*k - 2*h, -4*k - 3*h + 114 = -k. Calculate the remainder when 252 is divided by k.
37
Suppose -2*j + 35 = 3*j. Suppose i - 5*q - 24 = 0, 0*i + 2*q + 24 = 4*i. What is the remainder when j is divided by i?
3
Suppose 64 = 2*r - 4*j - 48, r - 4*j = 62. Let y = r - 34. Calculate the remainder when 62 is divided by y.
14
Suppose 0 = 3*k + 10 + 50. Let a(b) = -2*b - 21. What is the remainder when 69 is divided by a(k)?
12
Let j(q) = 11*q - 4. Let n be j(-6). What is the remainder when 54 is divided by (32/(-40))/(4/n)?
12
Let u be (-4)/(-14) + (-376)/(-56). Let w(s) = 3*s - 8. Let o = 101 + -63. Calculate the remainder when o is divided by w(u).
12
Let s = 1 - -9. Suppose s = -t + 161. What is the remainder when t is divided by 17?
15
Let m(o) = o**2 + o - 11. Let s be 2/8 - (-19)/4. What is the remainder when 36 is divided by m(s)?
17
Let f(p) = p**2 - p + 3. Let m be f(4). Suppose -m = 9*i - 14*i. Suppose i*v + v - 56 = 0. Calculate the remainder when 41 is divided by v.
13
Let t(o) = o**2 + 4*o + 6. Let d be t(0). Let z = 25 + d. What is the remainder when z is divided by 11?
9
Let d be (-16)/(-48)*1103*3. Suppose -2*r - d = -5*t + 489, -3*r - 948 = -3*t. What is the remainder when t/24*24/5 is divided by 22?
20
Suppose v + 4*m + 4 - 64 = 0, -2*v = -3*m - 109. Calculate the remainder when 109 is divided by v.
53
Suppose -2*h + 5*w + 19 + 15 = 0, 42 = 3*h - 3*w. What is the remainder when h is divided by 7?
5
Suppose 5*u = -16 + 26. Let p = 37 - u. Calculate the remainder when p is divided by ((-6)/(-3))/(3/18).
11
Suppose -4*q - 6 = -6*q. Let r(v) = 42*v - 4. Let n be r(q). Suppose -4*l + n = 2*d, -l + 41 = -2*d + 8. Calculate the remainder when l is divided by 11.
9
Suppose 4*w - 56*s + 60*s - 248 = 0, -5*w = s - 322. Calculate the remainder when w is divided by 11.
10
Suppose 3*c - n = 104, c + 30*n - 39 = 26*n. What is the remainder when c is divided by 7?
0
Let b(g) = -g + 4. Let h be b(2). Suppose h*i - 3*o + 32 = 0, 2*i = -i - 3*o - 18. Calculate the remainder when 25 is divided by i/(-4)*(-168)/(-30).
11
Let u be 57 - (-2 - (-1 + 1)). Suppose 3*m + g - 131 = 0, -g + u - 264 = -5*m. Calculate the remainder when m is divided by 11.
9
Suppose -12*w = -6*w - 282. Suppose -4*p + 233 = -3*o, 5*o - 256 = -4*p - w. What is the remainder when p is divided by 32?
24
Let f(a) = a**3 + 7*a**2 + a - 7. Suppose -3*t + 2*n = -54, 4*t + 5*n = 34 + 15. Let r = 10 - t. What is the remainder when 44 is divided by f(r)?
21
Let y(s) = -s**2 - 26*s + 193. What is the remainder when y(-27) is divided by 51?
13
Suppose 0 = 6*p - 0*p - 2094. Calculate the remainder when p is divided by 32.
29
Suppose -9*f + 8*f + 180 = 0. What is the remainder when f is divided by 14?
12
Let o(k) = -k - 2. Let d be o(-5). Suppose -5*q - 68 = -d*n, 2*n - q = -0*q + 50. Let g = 15 + 34. Calculate the remainder when g is divided by n.
23
Let h = -25 + 35. Suppose -4*k + 2*k - h = 0, 3*q = -3*k + 9. Calculate the remainder when 8 is divided by q.
0
Let u(o) = -o**2 - 30*o - 34. Calculate the remainder when u(-26) is divided by 0 + 1 - -1 - -17.
13
Let p be 110/(-15)*(-639)/2. What is the remainder when 16/72 - p/(-27) is divided by 44?
43
Let t(w) = w**3 - 3*w**2 + w - 1. Let d = -217 - -228. Calculate the remainder when t(4) is divided by d.
8
Suppose 4*p + 49 - 357 = 0. Calculate the remainder when p is divided by 17.
9
Let s be (-830)/(3*3/(-9)). Suppose 0 = 5*w - 255 + s. Let b = w - -176. Calculate the remainder when b is divided by 32.
29
Suppose -22*b - 468 = -25*b. What is the remainder when b is divided by (((-512)/20)/(-8))/((-1)/(-10))?
28
Suppose u = 2 - 1, -4*u = y - 3. Calculate the remainder when 7 - 9 - y*68 is divided by 23.
20
Let m = 11 - 3. Suppose 4*b - 4*a - 48 = 0, -18*b + 22*b = 2*a + 48. Calculate the remainder when b is divided by m.
4
Suppose 5*x + 9*m - 8*m = 451, -2*x - 2*m + 174 = 0. What is the remainder when x is divided by 42?
7
Sup